 3. Suppose -71 - 129 = -d*u. What is the remainder when 199 is divided by u?
39
Suppose o = 5*c + 62, -3*o = -5*c - 45 - 141. Calculate the remainder when o is divided by 11.
7
Let a be 2 + 35 + 1 + -5. Let g(f) = -4*f**2 + 4*f + 3. Let u be g(-2). Let z = a + u. Calculate the remainder when 23 is divided by z.
11
Suppose -10*c + 166 = -564. Calculate the remainder when c is divided by 10.
3
Let d(x) = -x**3 + 15*x**2 + 25*x - 112. Suppose 5*o = 5*q + 485, 6*o - o = -3*q + 453. What is the remainder when o is divided by d(16)?
29
Let u(l) = 2*l**3 + 2*l**2 - 1. Let y be u(-1). Let r = y - -4. What is the remainder when r is divided by 1?
0
Suppose 0*z - 40 = -5*x + 3*z, 10 = x - z. Suppose -3*v - m - 50 = -160, 0 = x*m - 10. Calculate the remainder when 68 is divided by v.
32
Suppose -46*m = -44*m - 230. Let i = 0 - -2. Suppose o - 6*h = -i*h + 13, -4*o - 5*h + m = 0. Calculate the remainder when 47 is divided by o.
22
Suppose 5*z = c - 402, -4*c + z + z = -1626. Suppose -4*u = 31 - c. Suppose 100 - 4 = 4*j. What is the remainder when u is divided by j?
22
Let q = -76 + 116. Let a(j) = 10*j**3 - 8*j**3 + 2 - 3*j - 3*j**2 - 6. Calculate the remainder when q is divided by a(3).
12
Suppose 4*p = 5*h + 237, 14*h - 12*h + 118 = 2*p. What is the remainder when 632 is divided by p?
52
Suppose 56*b = 64*b - 616. What is the remainder when b is divided by 30?
17
Let f = -1369 + 1433. What is the remainder when f is divided by 12?
4
Suppose -7*n + 2*n = 0. Suppose 2*i + 4*d - 108 = n, -3*d + 171 = -0*i + 3*i. What is the remainder when i is divided by 21?
18
Let j = -1001 + 1160. What is the remainder when j is divided by 23?
21
Suppose -2*t - 3*t + 55 = 5*i, 45 = 3*t - 3*i. What is the remainder when 32 is divided by t?
6
Let h(z) = 28*z - 54. Calculate the remainder when 104 is divided by h(3).
14
Let j = -20 - -25. Suppose 4*a + 20 = 0, -3*a - a = -j*y + 285. Calculate the remainder when y is divided by 9.
8
Suppose 0*m - 2*m = 2*t - 8, 3 = m. Let l = 12 + t. What is the remainder when 49 is divided by l?
10
Suppose -2*x + 4 = -n - 1, 0 = 4*x - 5*n + 5. Let p(c) = -c**2 + 1 + x*c + 1 - 4. Calculate the remainder when p(2) is divided by 2.
0
Suppose 38 = -y + 2*y. Suppose -r = r + y. Let t = 40 + r. Calculate the remainder when 59 is divided by t.
17
Let n(a) = -a**3 + 5*a**2 + 8*a - 7. Let o be n(6). Let v(j) = -o + 4*j - 6 + 4 - 3*j. What is the remainder when v(12) is divided by 3?
2
Let u(x) = 11*x - 7*x - 13*x - 17 - 1 + x**2. Calculate the remainder when u(12) is divided by 7.
4
Suppose -5*h = -4*x - 85, -5*h + 3*x - 12 = -97. Suppose 0 = 2*s - 5*i - 134, -19*i + 17*i = 3*s - 201. What is the remainder when s is divided by h?
16
What is the remainder when 551 is divided by (87/(-145))/(1/(-185))?
107
Suppose 4*a - 2*g + 234 = 84, 0 = 5*g - 25. Let o = a - -37. Suppose -o*m - 40 = -7*m. Calculate the remainder when m is divided by 3.
2
What is the remainder when (-6)/15*(-3300)/20 is divided by 3?
0
Let l = 483 - 421. Calculate the remainder when 241 is divided by l.
55
Suppose -32*h + 15*h + 493 = 0. Calculate the remainder when 288 is divided by h.
27
Suppose -g - 4*g + 25 = 0. Let x = g + -6. Calculate the remainder when (-2 - x)*(-213)/3 is divided by 24.
23
Suppose 4*w - 264 = -52. Let j(v) = v + 25. Let n(d) = -1. Let f(c) = j(c) + 3*n(c). Calculate the remainder when w is divided by f(-11).
9
Let d = -333 + 416. Calculate the remainder when d is divided by 15.
8
What is the remainder when 357 is divided by (-1)/((-5)/2*6/150)?
7
Suppose -15*l + 9*l + 174 = 0. Suppose -2*x + 7 = -l. What is the remainder when 51 is divided by x?
15
Suppose 4*z - 178 = 3*r - 8*r, -4*r + 3*z + 161 = 0. Let d = 14 - 8. Suppose -4*x - r = -d*x. Calculate the remainder when x is divided by 7.
5
Suppose -2*k + 4 = 0, k - 24 + 72 = 5*p. Let h be (-42)/(-9)*(-3 + 0). Let q = 5 - h. Calculate the remainder when q is divided by p.
9
What is the remainder when 198 is divided by (-1)/1 - (-114 + 105)?
6
Let q = 333 + -268. What is the remainder when q is divided by 17?
14
Let q = -14 + 11. Let u be (q/6)/(2/40). What is the remainder when (4/u)/(8/(-40)) is divided by 2?
0
Suppose 4*u + 1055 = 5*k, -u = -k - 0*u + 210. Suppose 0 = -m - 4*m + k. What is the remainder when m is divided by 11?
10
Let k = -78 - -106. What is the remainder when 16 is divided by ((-4)/10)/(k/(-350))?
1
Suppose 0 = -f - 5*y - 102, 2*f + 406 = -f + 5*y. Let i = f - -139. Suppose -5*v = -3*c + 156, -c - c = 5*v - 79. What is the remainder when c is divided by i?
11
Suppose -5*c = -t - 4*t + 355, t - 5*c = 55. What is the remainder when 144 is divided by t?
69
Suppose 8*b - 2 = 486. What is the remainder when b is divided by 2?
1
What is the remainder when 3*(8/6)/((-18)/(-108)) is divided by (-14)/(-4)*(1 - 2/(-2))?
3
Suppose h = 2*f + 251, 11*h + 2*f - 1267 = 6*h. Suppose 2*b + 256 = 5*u - h, 2 = -b. Let l = 1 + 16. What is the remainder when u is divided by l?
16
Let i(q) = 4*q**2 + 5*q - 50. Calculate the remainder when i(6) is divided by 34.
22
Suppose -103 = 3*q + 5*s, 88 = -3*q - 2*s - 0*s. Let i = 3 - q. What is the remainder when 113 is divided by i?
26
Suppose 4*p + 264 = 4*t, 41 = t + p + 3*p. Let u = 113 - t. What is the remainder when 102 is divided by u?
50
Let f = 316 - 174. What is the remainder when f is divided by (-68)/119 + 207/7?
26
Let d(b) = -8*b + 45. Calculate the remainder when d(-5) is divided by 18.
13
Suppose 17*l - 100 = 12*l. What is the remainder when l is divided by 15?
5
What is the remainder when 469 is divided by 4 - (2 + (-228)/4)?
56
What is the remainder when 168 is divided by (-630)/(-11) + (-117)/429?
54
Let f(w) = 8*w**2 - 48*w + 13. What is the remainder when 346 is divided by f(7)?
1
Suppose 5*t = -o + 55, o + 2*t - 21 = 46. Calculate the remainder when o is divided by 53.
22
Let y(h) be the first derivative of -11*h**4/4 + h**3/3 + 3. Let t be y(-2). Suppose -t = -5*o + o. What is the remainder when o is divided by 6?
5
Suppose -40 = -5*z + 270. Suppose x - 28 = 2*l - 0*l, 4*x + l - 130 = 0. Calculate the remainder when z is divided by x.
30
Let p(i) be the third derivative of 7*i**4/24 + i**3/3 - i**2. Calculate the remainder when p(8) is divided by -1 + -6*(-21)/6.
18
Let f = -634 - -651. What is the remainder when 75 is divided by f?
7
Let p = 96 - 44. What is the remainder when p is divided by (-4425)/(-236) + 6/(-8)?
16
Let g(f) = -2*f - 15. Let h(y) = -3*y**3 - 2*y**2 + 2*y**3 + 6*y + 7*y**2 - 12 + 11. What is the remainder when h(4) is divided by g(-11)?
4
Suppose o = -3*f + 25, -3*o = -11*f + 6*f + 23. What is the remainder when (5 + 63/(-14))/(2/48) is divided by f?
5
Let w(p) = 2*p**2 - 6*p + 14. Calculate the remainder when 41 is divided by w(0).
13
What is the remainder when (4115/11 - (-7)/(-77))/2 is divided by 76?
35
Let f = 2 - -18. Let s be 1*(-46 + 1/(-1)). Let x = f - s. What is the remainder when x is divided by 23?
21
Suppose 0 = 2*a - 190 - 4. What is the remainder when a is divided by 26?
19
Let x be (-178)/(-9) - (-14)/63. What is the remainder when (36/10)/(6/x) is divided by 3?
0
Calculate the remainder when (3/(-5))/((-88)/9240) is divided by 6.
3
Suppose 77 = -543*j + 554*j. Suppose 2*w + 5*q = 65, 4*w = -0*w + q + 75. Calculate the remainder when w is divided by j.
6
Suppose 0 = -3*z + 33 + 90. Let h = z - 13. Let v = -21 + h. What is the remainder when 34 is divided by v?
6
Let t(x) = 34*x - 71. What is the remainder when t(10) is divided by 27?
26
Suppose z = 2*z - 3*r - 63, 5*r = 25. Suppose -z*b - 34 = -80*b. Calculate the remainder when 66 is divided by b.
15
Suppose 35*v = -4*a + 37*v + 2834, 0 = -v + 5. What is the remainder when a is divided by 31?
29
Suppose 0*b = 2*b - 2*t + 6, -4*b - 7 = -3*t. Suppose -2*f - 6 = m, b*f + 4 = -3*m - 10. Calculate the remainder when 33*(-4 - -3)*f is divided by 7.
5
Suppose 4*k + 325 = 17*k. What is the remainder when k is divided by 12?
1
Let k = -6 - -19. Suppose 4*t - 19 = k. What is the remainder when 10 is divided by t?
2
Let b(j) = -j**2 - 8*j - 13. Let v be b(-4). Suppose -r - v + 14 = 0. Calculate the remainder when 17 is divided by r.
6
Let a = 1 - -76. Suppose 91*k = 98*k - 140. Calculate the remainder when a is divided by k.
17
Suppose -447 = -4*x - 5*g, -2*x - 2*